{"id":602,"date":"2022-04-23T23:14:28","date_gmt":"2022-04-23T21:14:28","guid":{"rendered":"https:\/\/scrabblepaysdoc.fr\/?page_id=602"},"modified":"2026-03-22T15:10:30","modified_gmt":"2026-03-22T14:10:30","slug":"actualites-2","status":"publish","type":"page","link":"https:\/\/scrabblepaysdoc.fr\/index.php\/actualites-2\/","title":{"rendered":"ACTUALIT\u00c9S"},"content":{"rendered":"\n<figure class=\"wp-block-image size-large\"><img loading=\"lazy\" decoding=\"async\" width=\"1920\" height=\"425\" src=\"https:\/\/scrabblepaysdoc.fr\/wp-content\/uploads\/2022\/06\/ACTUALITE\u0301S-1920x425.jpg\" alt=\"\" class=\"wp-image-1413\" srcset=\"https:\/\/scrabblepaysdoc.fr\/wp-content\/uploads\/2022\/06\/ACTUALITE\u0301S-1920x425.jpg 1920w, https:\/\/scrabblepaysdoc.fr\/wp-content\/uploads\/2022\/06\/ACTUALITE\u0301S-300x66.jpg 300w, https:\/\/scrabblepaysdoc.fr\/wp-content\/uploads\/2022\/06\/ACTUALITE\u0301S-768x170.jpg 768w, https:\/\/scrabblepaysdoc.fr\/wp-content\/uploads\/2022\/06\/ACTUALITE\u0301S-1536x340.jpg 1536w, https:\/\/scrabblepaysdoc.fr\/wp-content\/uploads\/2022\/06\/ACTUALITE\u0301S-2048x454.jpg 2048w, https:\/\/scrabblepaysdoc.fr\/wp-content\/uploads\/2022\/06\/ACTUALITE\u0301S-1354x300.jpg 1354w\" sizes=\"auto, (max-width: 1920px) 100vw, 1920px\" \/><\/figure>\n\n\n\n<h2 class=\"wp-block-heading\">Infolettres mars 2026<\/h2>\n\n\n\n<figure class=\"wp-block-image size-large\"><img loading=\"lazy\" decoding=\"async\" width=\"764\" height=\"1080\" src=\"https:\/\/scrabblepaysdoc.fr\/wp-content\/uploads\/2026\/03\/INFOLETTRES-MARS-2026-764x1080.png\" alt=\"\" class=\"wp-image-2772\" srcset=\"https:\/\/scrabblepaysdoc.fr\/wp-content\/uploads\/2026\/03\/INFOLETTRES-MARS-2026-764x1080.png 764w, https:\/\/scrabblepaysdoc.fr\/wp-content\/uploads\/2026\/03\/INFOLETTRES-MARS-2026-212x300.png 212w, https:\/\/scrabblepaysdoc.fr\/wp-content\/uploads\/2026\/03\/INFOLETTRES-MARS-2026-768x1086.png 768w, https:\/\/scrabblepaysdoc.fr\/wp-content\/uploads\/2026\/03\/INFOLETTRES-MARS-2026-1086x1536.png 1086w, https:\/\/scrabblepaysdoc.fr\/wp-content\/uploads\/2026\/03\/INFOLETTRES-MARS-2026.png 1414w\" sizes=\"auto, (max-width: 764px) 100vw, 764px\" \/><\/figure>\n\n\n\n<h2 class=\"wp-block-heading\">Infolettre f\u00e9vrier 2026<\/h2>\n\n\n\n<figure class=\"wp-block-image size-large\"><img loading=\"lazy\" decoding=\"async\" width=\"764\" height=\"1080\" src=\"https:\/\/scrabblepaysdoc.fr\/wp-content\/uploads\/2026\/02\/INFOLETTREFEV26-764x1080.jpg\" alt=\"\" class=\"wp-image-2747\" srcset=\"https:\/\/scrabblepaysdoc.fr\/wp-content\/uploads\/2026\/02\/INFOLETTREFEV26-764x1080.jpg 764w, https:\/\/scrabblepaysdoc.fr\/wp-content\/uploads\/2026\/02\/INFOLETTREFEV26-212x300.jpg 212w, https:\/\/scrabblepaysdoc.fr\/wp-content\/uploads\/2026\/02\/INFOLETTREFEV26-768x1086.jpg 768w, https:\/\/scrabblepaysdoc.fr\/wp-content\/uploads\/2026\/02\/INFOLETTREFEV26-1086x1536.jpg 1086w, https:\/\/scrabblepaysdoc.fr\/wp-content\/uploads\/2026\/02\/INFOLETTREFEV26.jpg 1414w\" sizes=\"auto, (max-width: 764px) 100vw, 764px\" \/><\/figure>\n\n\n\n<h2 class=\"wp-block-heading\">Infolettre janvier 2026: bonne ann\u00e9e!!!<\/h2>\n\n\n\n<figure class=\"wp-block-image size-large\"><img loading=\"lazy\" decoding=\"async\" width=\"764\" height=\"1080\" src=\"https:\/\/scrabblepaysdoc.fr\/wp-content\/uploads\/2026\/01\/INFOLETTREJANV26-764x1080.jpg\" alt=\"\" class=\"wp-image-2732\" srcset=\"https:\/\/scrabblepaysdoc.fr\/wp-content\/uploads\/2026\/01\/INFOLETTREJANV26-764x1080.jpg 764w, https:\/\/scrabblepaysdoc.fr\/wp-content\/uploads\/2026\/01\/INFOLETTREJANV26-212x300.jpg 212w, https:\/\/scrabblepaysdoc.fr\/wp-content\/uploads\/2026\/01\/INFOLETTREJANV26-768x1086.jpg 768w, https:\/\/scrabblepaysdoc.fr\/wp-content\/uploads\/2026\/01\/INFOLETTREJANV26-1086x1536.jpg 1086w, https:\/\/scrabblepaysdoc.fr\/wp-content\/uploads\/2026\/01\/INFOLETTREJANV26.jpg 1414w\" sizes=\"auto, (max-width: 764px) 100vw, 764px\" \/><\/figure>\n\n\n\n<h2 class=\"wp-block-heading\">Infolettre d\u00e9cembre 2025<\/h2>\n\n\n\n<figure class=\"wp-block-image size-large\"><img loading=\"lazy\" decoding=\"async\" width=\"764\" height=\"1080\" src=\"https:\/\/scrabblepaysdoc.fr\/wp-content\/uploads\/2025\/12\/INFOLETTREDEC25-764x1080.jpg\" alt=\"\" class=\"wp-image-2681\" srcset=\"https:\/\/scrabblepaysdoc.fr\/wp-content\/uploads\/2025\/12\/INFOLETTREDEC25-764x1080.jpg 764w, https:\/\/scrabblepaysdoc.fr\/wp-content\/uploads\/2025\/12\/INFOLETTREDEC25-212x300.jpg 212w, https:\/\/scrabblepaysdoc.fr\/wp-content\/uploads\/2025\/12\/INFOLETTREDEC25-768x1086.jpg 768w, https:\/\/scrabblepaysdoc.fr\/wp-content\/uploads\/2025\/12\/INFOLETTREDEC25-1086x1536.jpg 1086w, https:\/\/scrabblepaysdoc.fr\/wp-content\/uploads\/2025\/12\/INFOLETTREDEC25.jpg 1414w\" sizes=\"auto, (max-width: 764px) 100vw, 764px\" \/><\/figure>\n\n\n\n<h2 class=\"wp-block-heading\">Infolettre novembre 2025<\/h2>\n\n\n\n<figure class=\"wp-block-image size-large\"><img loading=\"lazy\" decoding=\"async\" width=\"764\" height=\"1080\" src=\"https:\/\/scrabblepaysdoc.fr\/wp-content\/uploads\/2025\/11\/Infolettrenov25-764x1080.jpg\" alt=\"\" class=\"wp-image-2653\" srcset=\"https:\/\/scrabblepaysdoc.fr\/wp-content\/uploads\/2025\/11\/Infolettrenov25-764x1080.jpg 764w, https:\/\/scrabblepaysdoc.fr\/wp-content\/uploads\/2025\/11\/Infolettrenov25-212x300.jpg 212w, https:\/\/scrabblepaysdoc.fr\/wp-content\/uploads\/2025\/11\/Infolettrenov25-768x1086.jpg 768w, https:\/\/scrabblepaysdoc.fr\/wp-content\/uploads\/2025\/11\/Infolettrenov25-1086x1536.jpg 1086w, https:\/\/scrabblepaysdoc.fr\/wp-content\/uploads\/2025\/11\/Infolettrenov25.jpg 1414w\" sizes=\"auto, (max-width: 764px) 100vw, 764px\" \/><\/figure>\n\n\n\n<h2 class=\"wp-block-heading\">Infolettre octobre 2025<\/h2>\n\n\n\n<figure class=\"wp-block-image size-large\"><img loading=\"lazy\" decoding=\"async\" width=\"764\" height=\"1080\" src=\"https:\/\/scrabblepaysdoc.fr\/wp-content\/uploads\/2025\/10\/INFOLETTREOCT25-764x1080.png\" alt=\"\" class=\"wp-image-2627\" srcset=\"https:\/\/scrabblepaysdoc.fr\/wp-content\/uploads\/2025\/10\/INFOLETTREOCT25-764x1080.png 764w, https:\/\/scrabblepaysdoc.fr\/wp-content\/uploads\/2025\/10\/INFOLETTREOCT25-212x300.png 212w, https:\/\/scrabblepaysdoc.fr\/wp-content\/uploads\/2025\/10\/INFOLETTREOCT25-768x1086.png 768w, https:\/\/scrabblepaysdoc.fr\/wp-content\/uploads\/2025\/10\/INFOLETTREOCT25-1086x1536.png 1086w, https:\/\/scrabblepaysdoc.fr\/wp-content\/uploads\/2025\/10\/INFOLETTREOCT25.png 1414w\" sizes=\"auto, (max-width: 764px) 100vw, 764px\" \/><\/figure>\n\n\n\n<h2 class=\"wp-block-heading\">Infolettre septembre 2025<\/h2>\n\n\n\n<figure class=\"wp-block-image size-large\"><img loading=\"lazy\" decoding=\"async\" width=\"764\" height=\"1080\" src=\"https:\/\/scrabblepaysdoc.fr\/wp-content\/uploads\/2025\/10\/INFOLETTRESEPT25-764x1080.png\" alt=\"\" class=\"wp-image-2593\" srcset=\"https:\/\/scrabblepaysdoc.fr\/wp-content\/uploads\/2025\/10\/INFOLETTRESEPT25-764x1080.png 764w, https:\/\/scrabblepaysdoc.fr\/wp-content\/uploads\/2025\/10\/INFOLETTRESEPT25-212x300.png 212w, https:\/\/scrabblepaysdoc.fr\/wp-content\/uploads\/2025\/10\/INFOLETTRESEPT25-768x1086.png 768w, https:\/\/scrabblepaysdoc.fr\/wp-content\/uploads\/2025\/10\/INFOLETTRESEPT25-1086x1536.png 1086w, https:\/\/scrabblepaysdoc.fr\/wp-content\/uploads\/2025\/10\/INFOLETTRESEPT25.png 1414w\" sizes=\"auto, (max-width: 764px) 100vw, 764px\" \/><\/figure>\n\n\n\n<div class=\"wp-block-columns is-layout-flex wp-container-core-columns-is-layout-9d6595d7 wp-block-columns-is-layout-flex\">\n<div class=\"wp-block-column is-layout-flow wp-block-column-is-layout-flow\"><\/div>\n\n\n\n<div class=\"wp-block-column is-layout-flow wp-block-column-is-layout-flow\" style=\"flex-basis:100%\">\n<h2 class=\"wp-block-heading\">Disparition de Gil Leblanc<\/h2>\n\n\n\n<p>Au revoir Bulle, adieu Gratos !<\/p>\n\n\n\n<p>Notre ami Gil LEBLANC s&rsquo;est \u00e9teint ce week-end.<\/p>\n\n\n\n<p>Un po\u00e8te, une plume magique, tant par ses dessins que sa prose l\u00e9gendaire&#8230;<\/p>\n\n\n\n<p>Il a port\u00e9 notre comit\u00e9 r\u00e9gional avec tant de passion, de proximit\u00e9 dans les relations humaines.<\/p>\n\n\n\n<p>Pour tous ceux qui ont eu la chance de le conna\u00eetre : une perte inestimable.<\/p>\n\n\n\n<p>Ses obs\u00e8ques&nbsp;ont lieu vendredi 19 septembre \u00e0 14h30 \u00e0 la Cath\u00e9drale d\u2019Auch.<\/p>\n\n\n\n<p>A St\u00e9phane, son fils, notre ami scrabbleur, sa famille, ses proches, nos pens\u00e9es vous accompagnent&#8230;<\/p>\n\n\n\n<h2 class=\"wp-block-heading\">Infolettres juin 2025<\/h2>\n\n\n\n<figure class=\"wp-block-image size-large\"><img loading=\"lazy\" decoding=\"async\" width=\"764\" height=\"1080\" src=\"https:\/\/scrabblepaysdoc.fr\/wp-content\/uploads\/2025\/10\/Infolettresjuin25-764x1080.png\" alt=\"\" class=\"wp-image-2596\" srcset=\"https:\/\/scrabblepaysdoc.fr\/wp-content\/uploads\/2025\/10\/Infolettresjuin25-764x1080.png 764w, https:\/\/scrabblepaysdoc.fr\/wp-content\/uploads\/2025\/10\/Infolettresjuin25-212x300.png 212w, https:\/\/scrabblepaysdoc.fr\/wp-content\/uploads\/2025\/10\/Infolettresjuin25-768x1086.png 768w, https:\/\/scrabblepaysdoc.fr\/wp-content\/uploads\/2025\/10\/Infolettresjuin25-1086x1536.png 1086w, https:\/\/scrabblepaysdoc.fr\/wp-content\/uploads\/2025\/10\/Infolettresjuin25.png 1414w\" sizes=\"auto, (max-width: 764px) 100vw, 764px\" \/><\/figure>\n\n\n\n<h2 class=\"wp-block-heading\">Infolettre mai 2025<\/h2>\n\n\n\n<figure class=\"wp-block-image size-large\"><img loading=\"lazy\" decoding=\"async\" width=\"764\" height=\"1080\" src=\"https:\/\/scrabblepaysdoc.fr\/wp-content\/uploads\/2025\/10\/Infolettremai25-764x1080.png\" alt=\"\" class=\"wp-image-2601\" srcset=\"https:\/\/scrabblepaysdoc.fr\/wp-content\/uploads\/2025\/10\/Infolettremai25-764x1080.png 764w, https:\/\/scrabblepaysdoc.fr\/wp-content\/uploads\/2025\/10\/Infolettremai25-212x300.png 212w, https:\/\/scrabblepaysdoc.fr\/wp-content\/uploads\/2025\/10\/Infolettremai25-768x1086.png 768w, https:\/\/scrabblepaysdoc.fr\/wp-content\/uploads\/2025\/10\/Infolettremai25-1086x1536.png 1086w, https:\/\/scrabblepaysdoc.fr\/wp-content\/uploads\/2025\/10\/Infolettremai25.png 1414w\" sizes=\"auto, (max-width: 764px) 100vw, 764px\" \/><\/figure>\n\n\n\n<h2 class=\"wp-block-heading\">Hommage \u00e0 Pierre SALVATI<\/h2>\n\n\n\n<p>Je me souviens de tes chemises hawa\u00efennes<\/p>\n\n\n\n<p>Je me souviens de ta voiture de sport rouge<\/p>\n\n\n\n<p>Je me souviens de ta jubilation \u00e0 prononcer \u00ab&nbsp;septante&nbsp;\u00bb et \u00ab&nbsp;nonante&nbsp;\u00bb<\/p>\n\n\n\n<p>Je me souviens de ton sourire chaleureux quand tu me saluais en disant \u00ab&nbsp;bonjour Prof&nbsp;\u00bb<\/p>\n\n\n\n<p>Je me souviens de ton cocktail rhum cr\u00e8me ananas<\/p>\n\n\n\n<p>Je me souviens des cardons \u00e0 la tomate partag\u00e9s un soir \u00e0 Montreux<\/p>\n\n\n\n<p>Je me souviens de ton inimitable accent suisse<\/p>\n\n\n\n<p>Je me souviens de ta maigreur apr\u00e8s de longs mois d\u2019hospitalisation<\/p>\n\n\n\n<p>Je me souviens des photos de chat que tu aimais partager<\/p>\n\n\n\n<p>Je me souviens de l\u2019anecdote REDOUX+&nbsp;? * qui a tant fait transpirer Frank Maniquant<\/p>\n\n\n\n<p>Je me souviens des innombrables parties de Perudo<\/p>\n\n\n\n<p>Je me souviens de tes pattes de mouches sur les bulletins<\/p>\n\n\n\n<p>Je me souviens de notre derni\u00e8re partie de Scrabble que j\u2019ai gagn\u00e9e de 2 petits points<\/p>\n\n\n\n<p>Je me souviens de tes d\u00e9tours pour me ramener rue Parga quand j\u2019\u00e9tais \u00e9tudiante<\/p>\n\n\n\n<p>Je me souviens de ta pr\u00e9venance et de ta douceur aux c\u00f4t\u00e9s de ta ch\u00e8re et tendre<\/p>\n\n\n\n<p>Je me souviens de ta recette de cake aux carottes<\/p>\n\n\n\n<p>Je me souviens de ta difficult\u00e9 \u00e0 d\u00e9glutir apr\u00e8s ton op\u00e9ration<\/p>\n\n\n\n<p>Je me souviens d\u2019une Dromacarte envoy\u00e9e pour mon anniversaire<\/p>\n\n\n\n<p>Je me souviens de notre obsession partag\u00e9e pour la \u00ab&nbsp;double&nbsp;\u00bb (cr\u00e8me) aux framboises<\/p>\n\n\n\n<p>Je me souviens du tirage PINCEAU +R** pos\u00e9 au cours d\u2019un trajet vers Aix-les-Bains<\/p>\n\n\n\n<p>Je me souviens de ton d\u00e9part \u00e9clair apr\u00e8s le vin d\u2019honneur de notre mariage<\/p>\n\n\n\n<p>Pierre, ce dernier d\u00e9part aussi est pr\u00e9cipit\u00e9, alors m\u00eame que tu semblais plus d\u00e9termin\u00e9 que jamais \u00e0 profiter de ta retraite et de tes trois passions: ta Ch\u00e9rie, le Scrabble et la cuisine. O\u00f9 que tu sois, je t\u2019imagine en train de plaisanter, en racontant que tu as fini 1er (c&rsquo;\u00e9tait le cas \u00e0 la fin de la 1\u00e8re journ\u00e9e) \u00e0 un Championnat de France, que tu n\u2019as malheureusement pas pu terminer.<\/p>\n\n\n\n<p>Merci Pierre pour tous ces souvenirs. Merci pour tes conseils de gourmand et de gourmet. Merci d\u2019avoir fait souffler un vent de malice sur l\u2019univers parfois s\u00e9v\u00e8re du Scrabble. Au nom du club de Blagnac, au nom du Comit\u00e9 Scrabble en Pays d\u2019Oc, merci pour ton investissement continu aupr\u00e8s de plusieurs g\u00e9n\u00e9rations de scrabbleurs.<\/p>\n\n\n\n<p>Allez, un dernier tirage pour ton long voyage\u2026..AAEIMNORT***<\/p>\n\n\n\n<p>* pas de scrabble avec ces lettres!<\/p>\n\n\n\n<p>** INAPERCU (PRINCEAU = bulle)<\/p>\n\n\n\n<p>*** A NOTRE AMI (ou ON T&rsquo;AIMERA, trouv\u00e9 par F. Maniquant)<\/p>\n\n\n\n<h2 class=\"wp-block-heading\">Infolettre avril 2025<\/h2>\n\n\n\n<figure class=\"wp-block-image size-large\"><img loading=\"lazy\" decoding=\"async\" width=\"764\" height=\"1080\" src=\"https:\/\/scrabblepaysdoc.fr\/wp-content\/uploads\/2025\/10\/Infolettreavril25-764x1080.png\" alt=\"\" class=\"wp-image-2600\" srcset=\"https:\/\/scrabblepaysdoc.fr\/wp-content\/uploads\/2025\/10\/Infolettreavril25-764x1080.png 764w, https:\/\/scrabblepaysdoc.fr\/wp-content\/uploads\/2025\/10\/Infolettreavril25-212x300.png 212w, https:\/\/scrabblepaysdoc.fr\/wp-content\/uploads\/2025\/10\/Infolettreavril25-768x1086.png 768w, https:\/\/scrabblepaysdoc.fr\/wp-content\/uploads\/2025\/10\/Infolettreavril25-1086x1536.png 1086w, https:\/\/scrabblepaysdoc.fr\/wp-content\/uploads\/2025\/10\/Infolettreavril25.png 1414w\" sizes=\"auto, (max-width: 764px) 100vw, 764px\" \/><\/figure>\n\n\n\n<h2 class=\"wp-block-heading\">Infolettre mars 2025<\/h2>\n\n\n\n<figure class=\"wp-block-image size-large\"><img loading=\"lazy\" decoding=\"async\" width=\"764\" height=\"1080\" src=\"https:\/\/scrabblepaysdoc.fr\/wp-content\/uploads\/2025\/10\/Infolettremars25-764x1080.png\" alt=\"\" class=\"wp-image-2599\" srcset=\"https:\/\/scrabblepaysdoc.fr\/wp-content\/uploads\/2025\/10\/Infolettremars25-764x1080.png 764w, https:\/\/scrabblepaysdoc.fr\/wp-content\/uploads\/2025\/10\/Infolettremars25-212x300.png 212w, https:\/\/scrabblepaysdoc.fr\/wp-content\/uploads\/2025\/10\/Infolettremars25-768x1086.png 768w, https:\/\/scrabblepaysdoc.fr\/wp-content\/uploads\/2025\/10\/Infolettremars25-1086x1536.png 1086w, https:\/\/scrabblepaysdoc.fr\/wp-content\/uploads\/2025\/10\/Infolettremars25.png 1414w\" sizes=\"auto, (max-width: 764px) 100vw, 764px\" \/><\/figure>\n\n\n\n<h2 class=\"wp-block-heading\">Infolettre f\u00e9vrier 2025<\/h2>\n\n\n\n<figure class=\"wp-block-image size-large\"><img loading=\"lazy\" decoding=\"async\" width=\"764\" height=\"1080\" src=\"https:\/\/scrabblepaysdoc.fr\/wp-content\/uploads\/2025\/03\/Infolettrefev25-1-764x1080.png\" alt=\"\" class=\"wp-image-2418\" srcset=\"https:\/\/scrabblepaysdoc.fr\/wp-content\/uploads\/2025\/03\/Infolettrefev25-1-764x1080.png 764w, https:\/\/scrabblepaysdoc.fr\/wp-content\/uploads\/2025\/03\/Infolettrefev25-1-212x300.png 212w, https:\/\/scrabblepaysdoc.fr\/wp-content\/uploads\/2025\/03\/Infolettrefev25-1-768x1086.png 768w, https:\/\/scrabblepaysdoc.fr\/wp-content\/uploads\/2025\/03\/Infolettrefev25-1-1086x1536.png 1086w, https:\/\/scrabblepaysdoc.fr\/wp-content\/uploads\/2025\/03\/Infolettrefev25-1.png 1414w\" sizes=\"auto, (max-width: 764px) 100vw, 764px\" \/><\/figure>\n\n\n\n<p class=\"has-large-font-size\"><\/p>\n\n\n\n<p class=\"has-large-font-size\"><strong>Bonne ann\u00e9e 2025!<\/strong> D\u00e9couvrez la nouvelle infolettre, qui sera envoy\u00e9e le plus r\u00e9guli\u00e8rement possible dans les bo\u00eetes mail de chaque licenci\u00e9! Pour la recevoir ou mettre \u00e0 jour votre adresse mail, envoyez un mail \u00e0 mariescrabblemidipy@gmail.com<\/p>\n<\/div>\n<\/div>\n\n\n\n<p><\/p>\n\n\n\n<p><\/p>\n\n\n\n<p><\/p>\n","protected":false},"excerpt":{"rendered":"<p>Infolettres mars 2026 Infolettre f\u00e9vrier 2026 Infolettre janvier 2026: bonne ann\u00e9e!!! Infolettre d\u00e9cembre 2025 Infolettre novembre 2025 Infolettre octobre 2025 Infolettre septembre 2025 Disparition de Gil Leblanc Au revoir Bulle, adieu Gratos ! Notre ami Gil LEBLANC s&rsquo;est \u00e9teint ce week-end. Un po\u00e8te, une plume magique, tant par ses dessins &hellip;<\/p>\n","protected":false},"author":2,"featured_media":0,"parent":0,"menu_order":0,"comment_status":"closed","ping_status":"closed","template":"","meta":{"footnotes":""},"class_list":["post-602","page","type-page","status-publish","hentry"],"_links":{"self":[{"href":"https:\/\/scrabblepaysdoc.fr\/index.php\/wp-json\/wp\/v2\/pages\/602","targetHints":{"allow":["GET"]}}],"collection":[{"href":"https:\/\/scrabblepaysdoc.fr\/index.php\/wp-json\/wp\/v2\/pages"}],"about":[{"href":"https:\/\/scrabblepaysdoc.fr\/index.php\/wp-json\/wp\/v2\/types\/page"}],"author":[{"embeddable":true,"href":"https:\/\/scrabblepaysdoc.fr\/index.php\/wp-json\/wp\/v2\/users\/2"}],"replies":[{"embeddable":true,"href":"https:\/\/scrabblepaysdoc.fr\/index.php\/wp-json\/wp\/v2\/comments?post=602"}],"version-history":[{"count":58,"href":"https:\/\/scrabblepaysdoc.fr\/index.php\/wp-json\/wp\/v2\/pages\/602\/revisions"}],"predecessor-version":[{"id":2773,"href":"https:\/\/scrabblepaysdoc.fr\/index.php\/wp-json\/wp\/v2\/pages\/602\/revisions\/2773"}],"wp:attachment":[{"href":"https:\/\/scrabblepaysdoc.fr\/index.php\/wp-json\/wp\/v2\/media?parent=602"}],"curies":[{"name":"wp","href":"https:\/\/api.w.org\/{rel}","templated":true}]}}